{"id":2563,"date":"2024-07-09T00:19:26","date_gmt":"2024-07-08T22:19:26","guid":{"rendered":"https:\/\/www.baseball-dragons.fr\/?page_id=2563"},"modified":"2025-12-10T20:55:54","modified_gmt":"2025-12-10T19:55:54","slug":"label-club-ecole","status":"publish","type":"page","link":"https:\/\/www.baseball-dragons.fr\/index.php\/label-club-ecole\/","title":{"rendered":"Label Club Ecole"},"content":{"rendered":"<p><img loading=\"lazy\" decoding=\"async\" class=\"aligncenter wp-image-3085 size-full\" src=\"http:\/\/www.baseball-dragons.fr\/wp-content\/uploads\/2025\/12\/Banderole-LCE-ARGENT-Nord-Isere-montage-nv-logo.png\" alt=\"\" width=\"1700\" height=\"566\" srcset=\"https:\/\/www.baseball-dragons.fr\/wp-content\/uploads\/2025\/12\/Banderole-LCE-ARGENT-Nord-Isere-montage-nv-logo.png 1700w, https:\/\/www.baseball-dragons.fr\/wp-content\/uploads\/2025\/12\/Banderole-LCE-ARGENT-Nord-Isere-montage-nv-logo-300x100.png 300w, https:\/\/www.baseball-dragons.fr\/wp-content\/uploads\/2025\/12\/Banderole-LCE-ARGENT-Nord-Isere-montage-nv-logo-1024x341.png 1024w, https:\/\/www.baseball-dragons.fr\/wp-content\/uploads\/2025\/12\/Banderole-LCE-ARGENT-Nord-Isere-montage-nv-logo-768x256.png 768w, https:\/\/www.baseball-dragons.fr\/wp-content\/uploads\/2025\/12\/Banderole-LCE-ARGENT-Nord-Isere-montage-nv-logo-1536x511.png 1536w, https:\/\/www.baseball-dragons.fr\/wp-content\/uploads\/2025\/12\/Banderole-LCE-ARGENT-Nord-Isere-montage-nv-logo-128x43.png 128w, https:\/\/www.baseball-dragons.fr\/wp-content\/uploads\/2025\/12\/Banderole-LCE-ARGENT-Nord-Isere-montage-nv-logo-32x11.png 32w, https:\/\/www.baseball-dragons.fr\/wp-content\/uploads\/2025\/12\/Banderole-LCE-ARGENT-Nord-Isere-montage-nv-logo-3x1.png 3w\" sizes=\"auto, (max-width: 1700px) 100vw, 1700px\" \/><\/p>\n<p style=\"text-align: center;\"><span style=\"font-size: 12pt;\">En 2025 le club Les Dragons du Nord Is\u00e8re s&rsquo;est vu attribu\u00e9 le <strong>Label Club Ecole d&rsquo;Argent<\/strong> par la FFBS.<\/span><br \/>\n<span style=\"font-size: 12pt;\">Ce label valide une politique structur\u00e9e et engag\u00e9e de d\u00e9veloppement du club en direction du public \u00ab\u00a0jeunes\u00a0\u00bb.<\/span><br \/>\n<span style=\"font-size: 12pt;\">Une \u00e9valuation qui porte sur l&rsquo;effectif Jeunes, l&rsquo;engagement en comp\u00e9tition, la qualit\u00e9 de l&rsquo;enseignement technique, le taux d&rsquo;encadrement et de le niveau de formation de l&rsquo;\u00e9quipe encadrante.<\/span><\/p>\n<p style=\"text-align: center;\"><span style=\"font-size: 12pt;\">En 2023 le club Les Dragons s&rsquo;\u00e9tait vu d\u00e9cerner le <strong>Label Club Ecole de Bronze<\/strong>.<\/span><\/p>\n<p><img loading=\"lazy\" decoding=\"async\" class=\"aligncenter wp-image-2564 size-full\" src=\"http:\/\/www.baseball-dragons.fr\/wp-content\/uploads\/2024\/07\/Banderole-LCE-Bronze-Villefontaine-1-scaled.jpg\" alt=\"\" width=\"2560\" height=\"853\" srcset=\"https:\/\/www.baseball-dragons.fr\/wp-content\/uploads\/2024\/07\/Banderole-LCE-Bronze-Villefontaine-1-scaled.jpg 2560w, https:\/\/www.baseball-dragons.fr\/wp-content\/uploads\/2024\/07\/Banderole-LCE-Bronze-Villefontaine-1-300x100.jpg 300w, https:\/\/www.baseball-dragons.fr\/wp-content\/uploads\/2024\/07\/Banderole-LCE-Bronze-Villefontaine-1-1024x341.jpg 1024w, https:\/\/www.baseball-dragons.fr\/wp-content\/uploads\/2024\/07\/Banderole-LCE-Bronze-Villefontaine-1-768x256.jpg 768w, https:\/\/www.baseball-dragons.fr\/wp-content\/uploads\/2024\/07\/Banderole-LCE-Bronze-Villefontaine-1-1536x512.jpg 1536w, https:\/\/www.baseball-dragons.fr\/wp-content\/uploads\/2024\/07\/Banderole-LCE-Bronze-Villefontaine-1-2048x683.jpg 2048w, https:\/\/www.baseball-dragons.fr\/wp-content\/uploads\/2024\/07\/Banderole-LCE-Bronze-Villefontaine-1-128x43.jpg 128w, https:\/\/www.baseball-dragons.fr\/wp-content\/uploads\/2024\/07\/Banderole-LCE-Bronze-Villefontaine-1-32x11.jpg 32w, https:\/\/www.baseball-dragons.fr\/wp-content\/uploads\/2024\/07\/Banderole-LCE-Bronze-Villefontaine-1-3x1.jpg 3w\" sizes=\"auto, (max-width: 2560px) 100vw, 2560px\" \/><img loading=\"lazy\" decoding=\"async\" class=\"aligncenter wp-image-2570\" src=\"http:\/\/www.baseball-dragons.fr\/wp-content\/uploads\/2024\/07\/visuel-cohesion-equipe-bulle-300x300.png\" alt=\"\" width=\"500\" height=\"500\" srcset=\"https:\/\/www.baseball-dragons.fr\/wp-content\/uploads\/2024\/07\/visuel-cohesion-equipe-bulle-300x300.png 300w, https:\/\/www.baseball-dragons.fr\/wp-content\/uploads\/2024\/07\/visuel-cohesion-equipe-bulle-150x150.png 150w, https:\/\/www.baseball-dragons.fr\/wp-content\/uploads\/2024\/07\/visuel-cohesion-equipe-bulle-128x128.png 128w, https:\/\/www.baseball-dragons.fr\/wp-content\/uploads\/2024\/07\/visuel-cohesion-equipe-bulle-32x32.png 32w, https:\/\/www.baseball-dragons.fr\/wp-content\/uploads\/2024\/07\/visuel-cohesion-equipe-bulle-1x1.png 1w, https:\/\/www.baseball-dragons.fr\/wp-content\/uploads\/2024\/07\/visuel-cohesion-equipe-bulle.png 600w\" sizes=\"auto, (max-width: 500px) 100vw, 500px\" \/><\/p>\n<p style=\"text-align: center;\"><a href=\"https:\/\/ffbs.fr\/label-club-ecole\/\" target=\"_blank\" rel=\"noopener\">En savoir plus sur le label Club Ecole !<\/a>&nbsp;<\/p>\n<p>&nbsp;<\/p>\n<p><img loading=\"lazy\" decoding=\"async\" class=\"aligncenter wp-image-2927 size-medium\" src=\"http:\/\/www.baseball-dragons.fr\/wp-content\/uploads\/2025\/10\/temoins-300x242.png\" alt=\"\" width=\"300\" height=\"242\" srcset=\"https:\/\/www.baseball-dragons.fr\/wp-content\/uploads\/2025\/10\/temoins-300x242.png 300w, https:\/\/www.baseball-dragons.fr\/wp-content\/uploads\/2025\/10\/temoins-1024x824.png 1024w, https:\/\/www.baseball-dragons.fr\/wp-content\/uploads\/2025\/10\/temoins-768x618.png 768w, https:\/\/www.baseball-dragons.fr\/wp-content\/uploads\/2025\/10\/temoins-1536x1237.png 1536w, https:\/\/www.baseball-dragons.fr\/wp-content\/uploads\/2025\/10\/temoins-128x103.png 128w, https:\/\/www.baseball-dragons.fr\/wp-content\/uploads\/2025\/10\/temoins-32x26.png 32w, https:\/\/www.baseball-dragons.fr\/wp-content\/uploads\/2025\/10\/temoins-1x1.png 1w, https:\/\/www.baseball-dragons.fr\/wp-content\/uploads\/2025\/10\/temoins.png 1980w\" sizes=\"auto, (max-width: 300px) 100vw, 300px\" \/><\/p>\n","protected":false},"excerpt":{"rendered":"<p>En 2025 le club Les Dragons du Nord Is\u00e8re s&rsquo;est vu attribu\u00e9 le Label Club Ecole d&rsquo;Argent par la FFBS. Ce label valide une politique structur\u00e9e et engag\u00e9e de d\u00e9veloppement du club en direction du public \u00ab\u00a0jeunes\u00a0\u00bb. Une \u00e9valuation qui porte sur l&rsquo;effectif Jeunes, l&rsquo;engagement en comp\u00e9tition, la qualit\u00e9 de l&rsquo;enseignement technique, le taux d&rsquo;encadrement [&hellip;]<\/p>\n","protected":false},"author":11,"featured_media":0,"parent":0,"menu_order":0,"comment_status":"closed","ping_status":"closed","template":"","meta":{"ngg_post_thumbnail":0,"footnotes":""},"class_list":["post-2563","page","type-page","status-publish","hentry"],"yoast_head":"<!-- This site is optimized with the Yoast SEO plugin v26.4 - https:\/\/yoast.com\/wordpress\/plugins\/seo\/ -->\n<title>Label Club Ecole - Les DRAGONS du Nord-Is\u00e8re - Baseball - Softball<\/title>\n<meta name=\"robots\" content=\"index, follow, max-snippet:-1, max-image-preview:large, max-video-preview:-1\" \/>\n<link rel=\"canonical\" href=\"https:\/\/www.baseball-dragons.fr\/index.php\/label-club-ecole\/\" \/>\n<meta property=\"og:locale\" content=\"fr_FR\" \/>\n<meta property=\"og:type\" content=\"article\" \/>\n<meta property=\"og:title\" content=\"Label Club Ecole - Les DRAGONS du Nord-Is\u00e8re - Baseball - Softball\" \/>\n<meta property=\"og:description\" content=\"En 2025 le club Les Dragons du Nord Is\u00e8re s&rsquo;est vu attribu\u00e9 le Label Club Ecole d&rsquo;Argent par la FFBS. Ce label valide une politique structur\u00e9e et engag\u00e9e de d\u00e9veloppement du club en direction du public \u00ab\u00a0jeunes\u00a0\u00bb. Une \u00e9valuation qui porte sur l&rsquo;effectif Jeunes, l&rsquo;engagement en comp\u00e9tition, la qualit\u00e9 de l&rsquo;enseignement technique, le taux d&rsquo;encadrement [&hellip;]\" \/>\n<meta property=\"og:url\" content=\"https:\/\/www.baseball-dragons.fr\/index.php\/label-club-ecole\/\" \/>\n<meta property=\"og:site_name\" content=\"Les DRAGONS du Nord-Is\u00e8re - Baseball - Softball\" \/>\n<meta property=\"article:publisher\" content=\"https:\/\/www.facebook.com\/baseballdragonsfr\/\" \/>\n<meta property=\"article:modified_time\" content=\"2025-12-10T19:55:54+00:00\" \/>\n<meta property=\"og:image\" content=\"https:\/\/www.baseball-dragons.fr\/wp-content\/uploads\/2025\/12\/Banderole-LCE-ARGENT-Nord-Isere-montage-nv-logo.png\" \/>\n\t<meta property=\"og:image:width\" content=\"1700\" \/>\n\t<meta property=\"og:image:height\" content=\"566\" \/>\n\t<meta property=\"og:image:type\" content=\"image\/png\" \/>\n<meta name=\"twitter:card\" content=\"summary_large_image\" \/>\n<meta name=\"twitter:site\" content=\"@AsvfDragons\" \/>\n<meta name=\"twitter:label1\" content=\"Dur\u00e9e de lecture estim\u00e9e\" \/>\n\t<meta name=\"twitter:data1\" content=\"2 minutes\" \/>\n<script type=\"application\/ld+json\" class=\"yoast-schema-graph\">{\"@context\":\"https:\/\/schema.org\",\"@graph\":[{\"@type\":\"WebPage\",\"@id\":\"https:\/\/www.baseball-dragons.fr\/index.php\/label-club-ecole\/\",\"url\":\"https:\/\/www.baseball-dragons.fr\/index.php\/label-club-ecole\/\",\"name\":\"Label Club Ecole - Les DRAGONS du Nord-Is\u00e8re - Baseball - Softball\",\"isPartOf\":{\"@id\":\"https:\/\/www.baseball-dragons.fr\/#website\"},\"primaryImageOfPage\":{\"@id\":\"https:\/\/www.baseball-dragons.fr\/index.php\/label-club-ecole\/#primaryimage\"},\"image\":{\"@id\":\"https:\/\/www.baseball-dragons.fr\/index.php\/label-club-ecole\/#primaryimage\"},\"thumbnailUrl\":\"http:\/\/www.baseball-dragons.fr\/wp-content\/uploads\/2025\/12\/Banderole-LCE-ARGENT-Nord-Isere-montage-nv-logo.png\",\"datePublished\":\"2024-07-08T22:19:26+00:00\",\"dateModified\":\"2025-12-10T19:55:54+00:00\",\"breadcrumb\":{\"@id\":\"https:\/\/www.baseball-dragons.fr\/index.php\/label-club-ecole\/#breadcrumb\"},\"inLanguage\":\"fr-FR\",\"potentialAction\":[{\"@type\":\"ReadAction\",\"target\":[\"https:\/\/www.baseball-dragons.fr\/index.php\/label-club-ecole\/\"]}]},{\"@type\":\"ImageObject\",\"inLanguage\":\"fr-FR\",\"@id\":\"https:\/\/www.baseball-dragons.fr\/index.php\/label-club-ecole\/#primaryimage\",\"url\":\"https:\/\/www.baseball-dragons.fr\/wp-content\/uploads\/2025\/12\/Banderole-LCE-ARGENT-Nord-Isere-montage-nv-logo.png\",\"contentUrl\":\"https:\/\/www.baseball-dragons.fr\/wp-content\/uploads\/2025\/12\/Banderole-LCE-ARGENT-Nord-Isere-montage-nv-logo.png\",\"width\":1700,\"height\":566},{\"@type\":\"BreadcrumbList\",\"@id\":\"https:\/\/www.baseball-dragons.fr\/index.php\/label-club-ecole\/#breadcrumb\",\"itemListElement\":[{\"@type\":\"ListItem\",\"position\":1,\"name\":\"Accueil\",\"item\":\"https:\/\/www.baseball-dragons.fr\/\"},{\"@type\":\"ListItem\",\"position\":2,\"name\":\"Label Club Ecole\"}]},{\"@type\":\"WebSite\",\"@id\":\"https:\/\/www.baseball-dragons.fr\/#website\",\"url\":\"https:\/\/www.baseball-dragons.fr\/\",\"name\":\"Les DRAGONS du Nord-Is\u00e8re - Baseball - Softball\",\"description\":\"\u00e0 Villefontaine, Saint-Quentin-Fallavier, L&#039;Isle-d&#039;Abeau, La Verpilli\u00e8re ...  Let&#039;s Go Dragons !\",\"publisher\":{\"@id\":\"https:\/\/www.baseball-dragons.fr\/#organization\"},\"potentialAction\":[{\"@type\":\"SearchAction\",\"target\":{\"@type\":\"EntryPoint\",\"urlTemplate\":\"https:\/\/www.baseball-dragons.fr\/?s={search_term_string}\"},\"query-input\":{\"@type\":\"PropertyValueSpecification\",\"valueRequired\":true,\"valueName\":\"search_term_string\"}}],\"inLanguage\":\"fr-FR\"},{\"@type\":\"Organization\",\"@id\":\"https:\/\/www.baseball-dragons.fr\/#organization\",\"name\":\"LES DRAGONS\",\"url\":\"https:\/\/www.baseball-dragons.fr\/\",\"logo\":{\"@type\":\"ImageObject\",\"inLanguage\":\"fr-FR\",\"@id\":\"https:\/\/www.baseball-dragons.fr\/#\/schema\/logo\/image\/\",\"url\":\"https:\/\/www.baseball-dragons.fr\/wp-content\/uploads\/2019\/04\/Logo_ASVF.gif\",\"contentUrl\":\"https:\/\/www.baseball-dragons.fr\/wp-content\/uploads\/2019\/04\/Logo_ASVF.gif\",\"width\":448,\"height\":324,\"caption\":\"LES DRAGONS\"},\"image\":{\"@id\":\"https:\/\/www.baseball-dragons.fr\/#\/schema\/logo\/image\/\"},\"sameAs\":[\"https:\/\/www.facebook.com\/baseballdragonsfr\/\",\"https:\/\/x.com\/AsvfDragons\",\"https:\/\/www.instagram.com\/asvfbaseballdragons38090\/\"]}]}<\/script>\n<!-- \/ Yoast SEO plugin. -->","yoast_head_json":{"title":"Label Club Ecole - Les DRAGONS du Nord-Is\u00e8re - Baseball - Softball","robots":{"index":"index","follow":"follow","max-snippet":"max-snippet:-1","max-image-preview":"max-image-preview:large","max-video-preview":"max-video-preview:-1"},"canonical":"https:\/\/www.baseball-dragons.fr\/index.php\/label-club-ecole\/","og_locale":"fr_FR","og_type":"article","og_title":"Label Club Ecole - Les DRAGONS du Nord-Is\u00e8re - Baseball - Softball","og_description":"En 2025 le club Les Dragons du Nord Is\u00e8re s&rsquo;est vu attribu\u00e9 le Label Club Ecole d&rsquo;Argent par la FFBS. Ce label valide une politique structur\u00e9e et engag\u00e9e de d\u00e9veloppement du club en direction du public \u00ab\u00a0jeunes\u00a0\u00bb. Une \u00e9valuation qui porte sur l&rsquo;effectif Jeunes, l&rsquo;engagement en comp\u00e9tition, la qualit\u00e9 de l&rsquo;enseignement technique, le taux d&rsquo;encadrement [&hellip;]","og_url":"https:\/\/www.baseball-dragons.fr\/index.php\/label-club-ecole\/","og_site_name":"Les DRAGONS du Nord-Is\u00e8re - Baseball - Softball","article_publisher":"https:\/\/www.facebook.com\/baseballdragonsfr\/","article_modified_time":"2025-12-10T19:55:54+00:00","og_image":[{"width":1700,"height":566,"url":"https:\/\/www.baseball-dragons.fr\/wp-content\/uploads\/2025\/12\/Banderole-LCE-ARGENT-Nord-Isere-montage-nv-logo.png","type":"image\/png"}],"twitter_card":"summary_large_image","twitter_site":"@AsvfDragons","twitter_misc":{"Dur\u00e9e de lecture estim\u00e9e":"2 minutes"},"schema":{"@context":"https:\/\/schema.org","@graph":[{"@type":"WebPage","@id":"https:\/\/www.baseball-dragons.fr\/index.php\/label-club-ecole\/","url":"https:\/\/www.baseball-dragons.fr\/index.php\/label-club-ecole\/","name":"Label Club Ecole - Les DRAGONS du Nord-Is\u00e8re - Baseball - Softball","isPartOf":{"@id":"https:\/\/www.baseball-dragons.fr\/#website"},"primaryImageOfPage":{"@id":"https:\/\/www.baseball-dragons.fr\/index.php\/label-club-ecole\/#primaryimage"},"image":{"@id":"https:\/\/www.baseball-dragons.fr\/index.php\/label-club-ecole\/#primaryimage"},"thumbnailUrl":"http:\/\/www.baseball-dragons.fr\/wp-content\/uploads\/2025\/12\/Banderole-LCE-ARGENT-Nord-Isere-montage-nv-logo.png","datePublished":"2024-07-08T22:19:26+00:00","dateModified":"2025-12-10T19:55:54+00:00","breadcrumb":{"@id":"https:\/\/www.baseball-dragons.fr\/index.php\/label-club-ecole\/#breadcrumb"},"inLanguage":"fr-FR","potentialAction":[{"@type":"ReadAction","target":["https:\/\/www.baseball-dragons.fr\/index.php\/label-club-ecole\/"]}]},{"@type":"ImageObject","inLanguage":"fr-FR","@id":"https:\/\/www.baseball-dragons.fr\/index.php\/label-club-ecole\/#primaryimage","url":"https:\/\/www.baseball-dragons.fr\/wp-content\/uploads\/2025\/12\/Banderole-LCE-ARGENT-Nord-Isere-montage-nv-logo.png","contentUrl":"https:\/\/www.baseball-dragons.fr\/wp-content\/uploads\/2025\/12\/Banderole-LCE-ARGENT-Nord-Isere-montage-nv-logo.png","width":1700,"height":566},{"@type":"BreadcrumbList","@id":"https:\/\/www.baseball-dragons.fr\/index.php\/label-club-ecole\/#breadcrumb","itemListElement":[{"@type":"ListItem","position":1,"name":"Accueil","item":"https:\/\/www.baseball-dragons.fr\/"},{"@type":"ListItem","position":2,"name":"Label Club Ecole"}]},{"@type":"WebSite","@id":"https:\/\/www.baseball-dragons.fr\/#website","url":"https:\/\/www.baseball-dragons.fr\/","name":"Les DRAGONS du Nord-Is\u00e8re - Baseball - Softball","description":"\u00e0 Villefontaine, Saint-Quentin-Fallavier, L&#039;Isle-d&#039;Abeau, La Verpilli\u00e8re ...  Let&#039;s Go Dragons !","publisher":{"@id":"https:\/\/www.baseball-dragons.fr\/#organization"},"potentialAction":[{"@type":"SearchAction","target":{"@type":"EntryPoint","urlTemplate":"https:\/\/www.baseball-dragons.fr\/?s={search_term_string}"},"query-input":{"@type":"PropertyValueSpecification","valueRequired":true,"valueName":"search_term_string"}}],"inLanguage":"fr-FR"},{"@type":"Organization","@id":"https:\/\/www.baseball-dragons.fr\/#organization","name":"LES DRAGONS","url":"https:\/\/www.baseball-dragons.fr\/","logo":{"@type":"ImageObject","inLanguage":"fr-FR","@id":"https:\/\/www.baseball-dragons.fr\/#\/schema\/logo\/image\/","url":"https:\/\/www.baseball-dragons.fr\/wp-content\/uploads\/2019\/04\/Logo_ASVF.gif","contentUrl":"https:\/\/www.baseball-dragons.fr\/wp-content\/uploads\/2019\/04\/Logo_ASVF.gif","width":448,"height":324,"caption":"LES DRAGONS"},"image":{"@id":"https:\/\/www.baseball-dragons.fr\/#\/schema\/logo\/image\/"},"sameAs":["https:\/\/www.facebook.com\/baseballdragonsfr\/","https:\/\/x.com\/AsvfDragons","https:\/\/www.instagram.com\/asvfbaseballdragons38090\/"]}]}},"jetpack_sharing_enabled":true,"jetpack_shortlink":"https:\/\/wp.me\/P7VhYh-Fl","_links":{"self":[{"href":"https:\/\/www.baseball-dragons.fr\/index.php\/wp-json\/wp\/v2\/pages\/2563","targetHints":{"allow":["GET"]}}],"collection":[{"href":"https:\/\/www.baseball-dragons.fr\/index.php\/wp-json\/wp\/v2\/pages"}],"about":[{"href":"https:\/\/www.baseball-dragons.fr\/index.php\/wp-json\/wp\/v2\/types\/page"}],"author":[{"embeddable":true,"href":"https:\/\/www.baseball-dragons.fr\/index.php\/wp-json\/wp\/v2\/users\/11"}],"replies":[{"embeddable":true,"href":"https:\/\/www.baseball-dragons.fr\/index.php\/wp-json\/wp\/v2\/comments?post=2563"}],"version-history":[{"count":36,"href":"https:\/\/www.baseball-dragons.fr\/index.php\/wp-json\/wp\/v2\/pages\/2563\/revisions"}],"predecessor-version":[{"id":3103,"href":"https:\/\/www.baseball-dragons.fr\/index.php\/wp-json\/wp\/v2\/pages\/2563\/revisions\/3103"}],"wp:attachment":[{"href":"https:\/\/www.baseball-dragons.fr\/index.php\/wp-json\/wp\/v2\/media?parent=2563"}],"curies":[{"name":"wp","href":"https:\/\/api.w.org\/{rel}","templated":true}]}}