{"id":2349,"date":"2024-03-18T14:10:08","date_gmt":"2024-03-18T13:10:08","guid":{"rendered":"https:\/\/www.baseball-dragons.fr\/?page_id=2349"},"modified":"2025-11-28T14:40:02","modified_gmt":"2025-11-28T13:40:02","slug":"comptes-rendus-des-ag","status":"publish","type":"page","link":"https:\/\/www.baseball-dragons.fr\/index.php\/comptes-rendus-des-ag\/","title":{"rendered":"Comptes rendus des AG"},"content":{"rendered":"<p style=\"text-align: center;\"><span style=\"font-size: 12pt;\">Vous trouverez ici les comptes rendus des Assembl\u00e9es G\u00e9n\u00e9rales de l&rsquo;association<\/span><\/p>\n<p style=\"text-align: center;\"><span style=\"font-size: 12pt;\"><a href=\"http:\/\/www.baseball-dragons.fr\/wp-content\/uploads\/2024\/06\/CR-AG-2023.pdf\" target=\"_blank\" rel=\"noopener\">Compte rendu de l&rsquo;Assembl\u00e9e G\u00e9n\u00e9rale 2023<\/a><\/span><\/p>\n<p style=\"text-align: center;\"><span style=\"font-size: 12pt;\"><a href=\"http:\/\/www.baseball-dragons.fr\/wp-content\/uploads\/2025\/01\/PV-AG-2024.pdf\" target=\"_blank\" rel=\"noopener\">Compte rendu de l&rsquo;Assembl\u00e9e G\u00e9n\u00e9rale 2024<\/a><\/span><\/p>\n<p style=\"text-align: center;\"><span style=\"font-size: 12pt;\"><a href=\"http:\/\/www.baseball-dragons.fr\/wp-content\/uploads\/2025\/11\/PV-AG-2025.pdf\" target=\"_blank\" rel=\"noopener\">Compte rendu de l&rsquo;Assembl\u00e9e G\u00e9n\u00e9rale 2025<\/a><\/span><\/p>\n<p>&nbsp;<\/p>\n<p style=\"text-align: center;\"><span style=\"font-size: 12pt;\">Ainsi que les statistiques sur le profil des licenci\u00e9s ( cat\u00e9gorie, sexe, type de licence, r\u00e9partition g\u00e9ographique ) depuis 2002<\/span><\/p>\n<p style=\"padding-left: 240px;\"><iframe loading=\"lazy\" title=\"Stat-Licencies\" src=\"https:\/\/app.powerbi.com\/view?r=eyJrIjoiYzU0ODVmNmMtMmE1Ni00OTQ5LWE0YmQtMzNkZGUxN2ZmMDZlIiwidCI6ImZiMDc3MjcxLTdkYTUtNDRmYi1iNTZiLTA1ODI0ZmE2NDgzOCJ9\" width=\"600\" height=\"373.5\" frameborder=\"0\" allowfullscreen=\"allowfullscreen\"><span data-mce-type=\"bookmark\" style=\"display: inline-block; width: 0px; overflow: hidden; line-height: 0;\" class=\"mce_SELRES_start\">\ufeff<\/span><\/iframe><\/p>\n","protected":false},"excerpt":{"rendered":"<p>Vous trouverez ici les comptes rendus des Assembl\u00e9es G\u00e9n\u00e9rales de l&rsquo;association Compte rendu de l&rsquo;Assembl\u00e9e G\u00e9n\u00e9rale 2023 Compte rendu de l&rsquo;Assembl\u00e9e G\u00e9n\u00e9rale 2024 Compte rendu de l&rsquo;Assembl\u00e9e G\u00e9n\u00e9rale 2025 &nbsp; Ainsi que les statistiques sur le profil des licenci\u00e9s ( cat\u00e9gorie, sexe, type de licence, r\u00e9partition g\u00e9ographique ) depuis 2002 \ufeff<\/p>\n","protected":false},"author":11,"featured_media":0,"parent":0,"menu_order":0,"comment_status":"closed","ping_status":"closed","template":"","meta":{"ngg_post_thumbnail":0,"footnotes":""},"class_list":["post-2349","page","type-page","status-publish","hentry"],"yoast_head":"<!-- This site is optimized with the Yoast SEO plugin v26.4 - https:\/\/yoast.com\/wordpress\/plugins\/seo\/ -->\n<title>Comptes rendus des AG - Les DRAGONS du Nord-Is\u00e8re - Baseball - Softball<\/title>\n<meta name=\"robots\" content=\"index, follow, max-snippet:-1, max-image-preview:large, max-video-preview:-1\" \/>\n<link rel=\"canonical\" href=\"https:\/\/www.baseball-dragons.fr\/index.php\/comptes-rendus-des-ag\/\" \/>\n<meta property=\"og:locale\" content=\"fr_FR\" \/>\n<meta property=\"og:type\" content=\"article\" \/>\n<meta property=\"og:title\" content=\"Comptes rendus des AG - Les DRAGONS du Nord-Is\u00e8re - Baseball - Softball\" \/>\n<meta property=\"og:description\" content=\"Vous trouverez ici les comptes rendus des Assembl\u00e9es G\u00e9n\u00e9rales de l&rsquo;association Compte rendu de l&rsquo;Assembl\u00e9e G\u00e9n\u00e9rale 2023 Compte rendu de l&rsquo;Assembl\u00e9e G\u00e9n\u00e9rale 2024 Compte rendu de l&rsquo;Assembl\u00e9e G\u00e9n\u00e9rale 2025 &nbsp; Ainsi que les statistiques sur le profil des licenci\u00e9s ( cat\u00e9gorie, sexe, type de licence, r\u00e9partition g\u00e9ographique ) depuis 2002 \ufeff\" \/>\n<meta property=\"og:url\" content=\"https:\/\/www.baseball-dragons.fr\/index.php\/comptes-rendus-des-ag\/\" \/>\n<meta property=\"og:site_name\" content=\"Les DRAGONS du Nord-Is\u00e8re - Baseball - Softball\" \/>\n<meta property=\"article:publisher\" content=\"https:\/\/www.facebook.com\/baseballdragonsfr\/\" \/>\n<meta property=\"article:modified_time\" content=\"2025-11-28T13:40:02+00:00\" \/>\n<meta name=\"twitter:card\" content=\"summary_large_image\" \/>\n<meta name=\"twitter:site\" content=\"@AsvfDragons\" \/>\n<meta name=\"twitter:label1\" content=\"Dur\u00e9e de lecture estim\u00e9e\" \/>\n\t<meta name=\"twitter:data1\" content=\"1 minute\" \/>\n<script type=\"application\/ld+json\" class=\"yoast-schema-graph\">{\"@context\":\"https:\/\/schema.org\",\"@graph\":[{\"@type\":\"WebPage\",\"@id\":\"https:\/\/www.baseball-dragons.fr\/index.php\/comptes-rendus-des-ag\/\",\"url\":\"https:\/\/www.baseball-dragons.fr\/index.php\/comptes-rendus-des-ag\/\",\"name\":\"Comptes rendus des AG - Les DRAGONS du Nord-Is\u00e8re - Baseball - Softball\",\"isPartOf\":{\"@id\":\"https:\/\/www.baseball-dragons.fr\/#website\"},\"datePublished\":\"2024-03-18T13:10:08+00:00\",\"dateModified\":\"2025-11-28T13:40:02+00:00\",\"breadcrumb\":{\"@id\":\"https:\/\/www.baseball-dragons.fr\/index.php\/comptes-rendus-des-ag\/#breadcrumb\"},\"inLanguage\":\"fr-FR\",\"potentialAction\":[{\"@type\":\"ReadAction\",\"target\":[\"https:\/\/www.baseball-dragons.fr\/index.php\/comptes-rendus-des-ag\/\"]}]},{\"@type\":\"BreadcrumbList\",\"@id\":\"https:\/\/www.baseball-dragons.fr\/index.php\/comptes-rendus-des-ag\/#breadcrumb\",\"itemListElement\":[{\"@type\":\"ListItem\",\"position\":1,\"name\":\"Accueil\",\"item\":\"https:\/\/www.baseball-dragons.fr\/\"},{\"@type\":\"ListItem\",\"position\":2,\"name\":\"Comptes rendus des AG\"}]},{\"@type\":\"WebSite\",\"@id\":\"https:\/\/www.baseball-dragons.fr\/#website\",\"url\":\"https:\/\/www.baseball-dragons.fr\/\",\"name\":\"Les DRAGONS du Nord-Is\u00e8re - Baseball - Softball\",\"description\":\"\u00e0 Villefontaine, Saint-Quentin-Fallavier, L&#039;Isle-d&#039;Abeau, La Verpilli\u00e8re ...  Let&#039;s Go Dragons !\",\"publisher\":{\"@id\":\"https:\/\/www.baseball-dragons.fr\/#organization\"},\"potentialAction\":[{\"@type\":\"SearchAction\",\"target\":{\"@type\":\"EntryPoint\",\"urlTemplate\":\"https:\/\/www.baseball-dragons.fr\/?s={search_term_string}\"},\"query-input\":{\"@type\":\"PropertyValueSpecification\",\"valueRequired\":true,\"valueName\":\"search_term_string\"}}],\"inLanguage\":\"fr-FR\"},{\"@type\":\"Organization\",\"@id\":\"https:\/\/www.baseball-dragons.fr\/#organization\",\"name\":\"LES DRAGONS\",\"url\":\"https:\/\/www.baseball-dragons.fr\/\",\"logo\":{\"@type\":\"ImageObject\",\"inLanguage\":\"fr-FR\",\"@id\":\"https:\/\/www.baseball-dragons.fr\/#\/schema\/logo\/image\/\",\"url\":\"https:\/\/www.baseball-dragons.fr\/wp-content\/uploads\/2019\/04\/Logo_ASVF.gif\",\"contentUrl\":\"https:\/\/www.baseball-dragons.fr\/wp-content\/uploads\/2019\/04\/Logo_ASVF.gif\",\"width\":448,\"height\":324,\"caption\":\"LES DRAGONS\"},\"image\":{\"@id\":\"https:\/\/www.baseball-dragons.fr\/#\/schema\/logo\/image\/\"},\"sameAs\":[\"https:\/\/www.facebook.com\/baseballdragonsfr\/\",\"https:\/\/x.com\/AsvfDragons\",\"https:\/\/www.instagram.com\/asvfbaseballdragons38090\/\"]}]}<\/script>\n<!-- \/ Yoast SEO plugin. -->","yoast_head_json":{"title":"Comptes rendus des AG - Les DRAGONS du Nord-Is\u00e8re - Baseball - Softball","robots":{"index":"index","follow":"follow","max-snippet":"max-snippet:-1","max-image-preview":"max-image-preview:large","max-video-preview":"max-video-preview:-1"},"canonical":"https:\/\/www.baseball-dragons.fr\/index.php\/comptes-rendus-des-ag\/","og_locale":"fr_FR","og_type":"article","og_title":"Comptes rendus des AG - Les DRAGONS du Nord-Is\u00e8re - Baseball - Softball","og_description":"Vous trouverez ici les comptes rendus des Assembl\u00e9es G\u00e9n\u00e9rales de l&rsquo;association Compte rendu de l&rsquo;Assembl\u00e9e G\u00e9n\u00e9rale 2023 Compte rendu de l&rsquo;Assembl\u00e9e G\u00e9n\u00e9rale 2024 Compte rendu de l&rsquo;Assembl\u00e9e G\u00e9n\u00e9rale 2025 &nbsp; Ainsi que les statistiques sur le profil des licenci\u00e9s ( cat\u00e9gorie, sexe, type de licence, r\u00e9partition g\u00e9ographique ) depuis 2002 \ufeff","og_url":"https:\/\/www.baseball-dragons.fr\/index.php\/comptes-rendus-des-ag\/","og_site_name":"Les DRAGONS du Nord-Is\u00e8re - Baseball - Softball","article_publisher":"https:\/\/www.facebook.com\/baseballdragonsfr\/","article_modified_time":"2025-11-28T13:40:02+00:00","twitter_card":"summary_large_image","twitter_site":"@AsvfDragons","twitter_misc":{"Dur\u00e9e de lecture estim\u00e9e":"1 minute"},"schema":{"@context":"https:\/\/schema.org","@graph":[{"@type":"WebPage","@id":"https:\/\/www.baseball-dragons.fr\/index.php\/comptes-rendus-des-ag\/","url":"https:\/\/www.baseball-dragons.fr\/index.php\/comptes-rendus-des-ag\/","name":"Comptes rendus des AG - Les DRAGONS du Nord-Is\u00e8re - Baseball - Softball","isPartOf":{"@id":"https:\/\/www.baseball-dragons.fr\/#website"},"datePublished":"2024-03-18T13:10:08+00:00","dateModified":"2025-11-28T13:40:02+00:00","breadcrumb":{"@id":"https:\/\/www.baseball-dragons.fr\/index.php\/comptes-rendus-des-ag\/#breadcrumb"},"inLanguage":"fr-FR","potentialAction":[{"@type":"ReadAction","target":["https:\/\/www.baseball-dragons.fr\/index.php\/comptes-rendus-des-ag\/"]}]},{"@type":"BreadcrumbList","@id":"https:\/\/www.baseball-dragons.fr\/index.php\/comptes-rendus-des-ag\/#breadcrumb","itemListElement":[{"@type":"ListItem","position":1,"name":"Accueil","item":"https:\/\/www.baseball-dragons.fr\/"},{"@type":"ListItem","position":2,"name":"Comptes rendus des AG"}]},{"@type":"WebSite","@id":"https:\/\/www.baseball-dragons.fr\/#website","url":"https:\/\/www.baseball-dragons.fr\/","name":"Les DRAGONS du Nord-Is\u00e8re - Baseball - Softball","description":"\u00e0 Villefontaine, Saint-Quentin-Fallavier, L&#039;Isle-d&#039;Abeau, La Verpilli\u00e8re ...  Let&#039;s Go Dragons !","publisher":{"@id":"https:\/\/www.baseball-dragons.fr\/#organization"},"potentialAction":[{"@type":"SearchAction","target":{"@type":"EntryPoint","urlTemplate":"https:\/\/www.baseball-dragons.fr\/?s={search_term_string}"},"query-input":{"@type":"PropertyValueSpecification","valueRequired":true,"valueName":"search_term_string"}}],"inLanguage":"fr-FR"},{"@type":"Organization","@id":"https:\/\/www.baseball-dragons.fr\/#organization","name":"LES DRAGONS","url":"https:\/\/www.baseball-dragons.fr\/","logo":{"@type":"ImageObject","inLanguage":"fr-FR","@id":"https:\/\/www.baseball-dragons.fr\/#\/schema\/logo\/image\/","url":"https:\/\/www.baseball-dragons.fr\/wp-content\/uploads\/2019\/04\/Logo_ASVF.gif","contentUrl":"https:\/\/www.baseball-dragons.fr\/wp-content\/uploads\/2019\/04\/Logo_ASVF.gif","width":448,"height":324,"caption":"LES DRAGONS"},"image":{"@id":"https:\/\/www.baseball-dragons.fr\/#\/schema\/logo\/image\/"},"sameAs":["https:\/\/www.facebook.com\/baseballdragonsfr\/","https:\/\/x.com\/AsvfDragons","https:\/\/www.instagram.com\/asvfbaseballdragons38090\/"]}]}},"jetpack_sharing_enabled":true,"jetpack_shortlink":"https:\/\/wp.me\/P7VhYh-BT","_links":{"self":[{"href":"https:\/\/www.baseball-dragons.fr\/index.php\/wp-json\/wp\/v2\/pages\/2349","targetHints":{"allow":["GET"]}}],"collection":[{"href":"https:\/\/www.baseball-dragons.fr\/index.php\/wp-json\/wp\/v2\/pages"}],"about":[{"href":"https:\/\/www.baseball-dragons.fr\/index.php\/wp-json\/wp\/v2\/types\/page"}],"author":[{"embeddable":true,"href":"https:\/\/www.baseball-dragons.fr\/index.php\/wp-json\/wp\/v2\/users\/11"}],"replies":[{"embeddable":true,"href":"https:\/\/www.baseball-dragons.fr\/index.php\/wp-json\/wp\/v2\/comments?post=2349"}],"version-history":[{"count":21,"href":"https:\/\/www.baseball-dragons.fr\/index.php\/wp-json\/wp\/v2\/pages\/2349\/revisions"}],"predecessor-version":[{"id":3028,"href":"https:\/\/www.baseball-dragons.fr\/index.php\/wp-json\/wp\/v2\/pages\/2349\/revisions\/3028"}],"wp:attachment":[{"href":"https:\/\/www.baseball-dragons.fr\/index.php\/wp-json\/wp\/v2\/media?parent=2349"}],"curies":[{"name":"wp","href":"https:\/\/api.w.org\/{rel}","templated":true}]}}